{"id":98,"date":"2015-08-04T18:54:47","date_gmt":"2015-08-04T16:54:47","guid":{"rendered":"http:\/\/wti-gmbh.de\/privatkunden\/?post_type=product&#038;p=98"},"modified":"2026-02-12T08:38:48","modified_gmt":"2026-02-12T07:38:48","slug":"limtex-microfasertuch","status":"publish","type":"product","link":"https:\/\/wti-gmbh.de\/privatkunden\/shop\/limtex-microfasertuch\/","title":{"rendered":"LimTex Universal-Microfasertuch"},"content":{"rendered":"","protected":false},"excerpt":{"rendered":"<p>LimTex, das etwas andere <strong>Mikrofasertuch<\/strong>, ist doppelt gewebt f\u00fcr <strong>doppelte<\/strong> Saug- und Reinigungskraft. Extra gro\u00df (ca. 40 x 40 cm) und somit die ideale Unterst\u00fctzung bei der t\u00e4glichen Anwendung unserer Produkte. (Preis \/ St\u00fcck: 4,95 \u20ac)<\/p>\n","protected":false},"featured_media":2544,"comment_status":"open","ping_status":"closed","template":"","meta":[],"_links":{"self":[{"href":"https:\/\/wti-gmbh.de\/privatkunden\/wp-json\/wp\/v2\/product\/98"}],"collection":[{"href":"https:\/\/wti-gmbh.de\/privatkunden\/wp-json\/wp\/v2\/product"}],"about":[{"href":"https:\/\/wti-gmbh.de\/privatkunden\/wp-json\/wp\/v2\/types\/product"}],"replies":[{"embeddable":true,"href":"https:\/\/wti-gmbh.de\/privatkunden\/wp-json\/wp\/v2\/comments?post=98"}],"wp:featuredmedia":[{"embeddable":true,"href":"https:\/\/wti-gmbh.de\/privatkunden\/wp-json\/wp\/v2\/media\/2544"}],"wp:attachment":[{"href":"https:\/\/wti-gmbh.de\/privatkunden\/wp-json\/wp\/v2\/media?parent=98"}],"curies":[{"name":"wp","href":"https:\/\/api.w.org\/{rel}","templated":true}]}}

<p>LimTex, das etwas andere <strong>Mikrofasertuch</strong>, ist doppelt gewebt für <strong>doppelte</strong> Saug- und Reinigungskraft. Extra groß (ca. 40 x 40 cm) und somit die ideale Unterstützung bei der täglichen Anwendung unserer Produkte. (Preis / Stück: 4,95 €)</p>
