{"id":8,"date":"2015-07-31T14:48:59","date_gmt":"2015-07-31T12:48:59","guid":{"rendered":"https:\/\/wti-gmbh.de\/privatkunden\/versandarten\/"},"modified":"2024-07-01T08:59:44","modified_gmt":"2024-07-01T06:59:44","slug":"versandbedingungen","status":"publish","type":"page","link":"https:\/\/wti-gmbh.de\/privatkunden\/versandbedingungen\/","title":{"rendered":"Versandbedingungen"},"content":{"rendered":"<p>[vc_row][vc_column][vc_column_text]<\/p>\n<h4>Lieferzeitpunkt<\/h4>\n<p>Die Lieferung der bestellten Ware erfolgt sofort nach Geldeingang, bei Zahlung per Rechnung sofort. Der Versand gr\u00f6\u00dferer Abnahmemengen kann bis zu 2 Wochen in Anspruch nehmen. Sie erhalten von uns dann eine gesonderte Nachricht zum Lieferzeitpunkt.<\/p>\n<h4>.<\/h4>\n<h4 style=\"text-align: left\">Abholung vor Ort<\/h4>\n<p>Bei der Abholung vor Ort fallen f\u00fcr Sie keine Versandkosten an. Bitte vereinbaren Sie vor der Abholung einen Abholtermin unter 08281 5052. ACHTUNG: Wir haben 2 Lager &#8211; Abholort wird Ihnen bei Terminvereinbarung genannt.<\/p>\n<h5>.<\/h5>\n<h4 style=\"text-align: left\">Versand innerhalb Deutschlands mit Paketdienst<\/h4>\n<p style=\"text-align: left\">Pakete bis 3 kg 6,50 \u20ac<\/p>\n<p style=\"text-align: left\">Pakete von 3,1kg bis 5 kg 8,90 \u20ac<\/p>\n<p style=\"text-align: left\">Pakete von 5,1 bis 10 kg 10,90 \u20ac<\/p>\n<p style=\"text-align: left\">Pakete von 10,1 bis 31,0 kg 14,90 \u20ac<\/p>\n<h4>.<\/h4>\n<h4 style=\"text-align: left\">Versand innerhalb Deutschlands mittels Spedition<\/h4>\n<p>Pakete von 31,0 bis 50 kg 149,00 \u20ac<\/p>\n<p>Pakete von 50,1 bis 75 kg 154,00 \u20ac<\/p>\n<p>Pakete von 75,1 bis 100 kg 159,00 \u20ac<\/p>\n<p>Pakete von 100,1 bis 120 kg 167,00 \u20ac<\/p>\n<p>Pakete von 120,1 bis 150 kg 173,00 \u20ac<\/p>\n<p>Pakete von 150,1 bis 200 kg 178,00 \u20ac<\/p>\n<h4>.<\/h4>\n<h4 style=\"text-align: left\">Versand nach \u00d6sterreich mit Paketdienst<\/h4>\n<p>Hinweis: Keine Paketshopzustellung m\u00f6glich. Versand muss an eine Adresse erfolgen.<\/p>\n<p style=\"text-align: left\">Pakete bis 3 kg 15,00 \u20ac<\/p>\n<p style=\"text-align: left\">Pakete von 3,1kg bis 5 kg 19,00 \u20ac<\/p>\n<p style=\"text-align: left\">Pakete von 5,1 bis 10 kg 23,00 \u20ac<\/p>\n<p style=\"text-align: left\">Pakete von 10,1 bis 20,0 kg 29,00 \u20ac<\/p>\n<h4>.<\/h4>\n<h4 style=\"text-align: left\">Versand in andere L\u00e4nder<\/h4>\n<p>Hinweis: F\u00fcr Lieferungen in andere L\u00e4nder bieten wir Abholung vor Ort an.<\/p>\n<p>Bei der pers\u00f6nlichen Abholung vor Ort fallen f\u00fcr Sie keine Versandkosten an. Bei der Abholung durch einen Dienstleister (DHL, DPD, Spedition usw.) ben\u00f6tigen wir entsprechend die kompletten Versandpapiere (Zollpapiere). Bitte vereinbaren Sie vor jeder Abholung einen Abholtermin unter 08281 5052. ACHTUNG: Wir haben 2 Lager &#8211; Abholort wird Ihnen bei Terminvereinbarung genannt.[\/vc_column_text][\/vc_column][\/vc_row]<\/p>\n","protected":false},"excerpt":{"rendered":"<p>[vc_row][vc_column][vc_column_text] Lieferzeitpunkt Die Lieferung der bestellten Ware erfolgt sofort nach Geldeingang, bei Zahlung per Rechnung sofort. Der Versand gr\u00f6\u00dferer Abnahmemengen kann bis zu 2 Wochen in Anspruch nehmen. Sie erhalten von uns dann eine gesonderte Nachricht zum Lieferzeitpunkt. . Abholung vor Ort Bei der Abholung vor Ort fallen f\u00fcr Sie keine Versandkosten an. Bitte vereinbaren [&hellip;]<\/p>\n","protected":false},"author":1,"featured_media":0,"parent":0,"menu_order":0,"comment_status":"closed","ping_status":"open","template":"","meta":[],"_links":{"self":[{"href":"https:\/\/wti-gmbh.de\/privatkunden\/wp-json\/wp\/v2\/pages\/8"}],"collection":[{"href":"https:\/\/wti-gmbh.de\/privatkunden\/wp-json\/wp\/v2\/pages"}],"about":[{"href":"https:\/\/wti-gmbh.de\/privatkunden\/wp-json\/wp\/v2\/types\/page"}],"author":[{"embeddable":true,"href":"https:\/\/wti-gmbh.de\/privatkunden\/wp-json\/wp\/v2\/users\/1"}],"replies":[{"embeddable":true,"href":"https:\/\/wti-gmbh.de\/privatkunden\/wp-json\/wp\/v2\/comments?post=8"}],"version-history":[{"count":42,"href":"https:\/\/wti-gmbh.de\/privatkunden\/wp-json\/wp\/v2\/pages\/8\/revisions"}],"predecessor-version":[{"id":2900,"href":"https:\/\/wti-gmbh.de\/privatkunden\/wp-json\/wp\/v2\/pages\/8\/revisions\/2900"}],"wp:attachment":[{"href":"https:\/\/wti-gmbh.de\/privatkunden\/wp-json\/wp\/v2\/media?parent=8"}],"curies":[{"name":"wp","href":"https:\/\/api.w.org\/{rel}","templated":true}]}}