{"id":50,"date":"2015-08-04T17:02:41","date_gmt":"2015-08-04T15:02:41","guid":{"rendered":"http:\/\/wti-gmbh.de\/privatkunden\/?page_id=50"},"modified":"2023-01-31T09:50:04","modified_gmt":"2023-01-31T08:50:04","slug":"limorange","status":"publish","type":"page","link":"https:\/\/wti-gmbh.de\/privatkunden\/produkte\/limorange\/","title":{"rendered":"LimOrange Universalreiniger + Fleckl\u00f6ser"},"content":{"rendered":"<p>[vc_row][vc_column width=&#8220;1\/4&#8243;]    <div class=\"shortcode container  \"\r\n        >\r\n        [vc_column_text][\/vc_column_text]    <\/div>\r\n    [vc_single_image image=&#8220;1817&#8243; img_size=&#8220;medium&#8220;][vc_column_text]<\/p>\n<table style=\"height: 27px;\" border=\"0\" width=\"280\" frame=\"VOID\" rules=\"NONE\" cellspacing=\"0\">\n<colgroup>\n<col width=\"86\" \/><\/colgroup>\n<tbody>\n<tr>\n<td align=\"LEFT\" width=\"86\" height=\"17\"><span style=\"font-size: xx-small;\">@ WTI Archivbild \/ Michael Bodmann Management &amp; More GmbH<\/span><\/td>\n<\/tr>\n<\/tbody>\n<\/table>\n<p>[\/vc_column_text][\/vc_column][vc_column width=&#8220;3\/4&#8243;][vc_column_text]<\/p>\n<h3 class=\"has-text-align-left\">LimOrange Universalreiniger + Fleckl\u00f6ser \u2013 das Super-Talent<\/h3>\n<h3><!-- \/wp:heading --><\/p>\n<p><!-- wp:heading {\"level\":4} --><\/h3>\n<h4>Dieses Konzentrat schafft den h\u00e4rtesten Schmutz.<\/h4>\n<h3><!-- \/wp:heading --><\/p>\n<p><!-- wp:list --><\/h3>\n<ul>\n<li>100 % Fl\u00fcssigkonzentrat auf Orangen\u00f6l- und Orangenterpenbasis<\/li>\n<li>Haushalt: K\u00fcche, Bad, WC, M\u00f6bel, Fenster, \u2026<\/li>\n<li>Flecken: Polster, Teppiche, Autositze, Textilien, Etiketten, \u2026<\/li>\n<li>St\u00e4rkste Verschmutzungen: Kaugummi, Kleber, Farbe, Schuhcreme, Backofen \u2026<\/li>\n<\/ul>\n<h3><!-- \/wp:list --><\/p>\n<p><!-- wp:paragraph --><!-- \/wp:paragraph --><\/h3>\n<p>LimOrange, der <strong style=\"font-weight: bold;\">universelle Multifunktions-Reiniger<\/strong>\u00a0ist nach wie vor unser absolutes Top-Produkt! LimOrange Multifunktions-Reiniger ist ein 100%-Super-Fl\u00fcssigkonzentrat mit nachweisbar 100 % hochwirksamen Inhaltsstoffen und einem superattraktiven Preis-Leistungsverh\u00e4ltnis!<br \/>\n<!-- \/wp:shortcode --><\/p>\n<p><!-- wp:paragraph --><a href=\"https:\/\/wti-gmbh.de\/privatkunden\/shop\/limorange-universalreiniger-fleckloeser\/\">im Online-Shop kaufen<\/a>[\/vc_column_text][\/vc_column][\/vc_row][vc_row][vc_column][vc_column_text]<\/p>\n<h3>Anwendung<\/h3>\n<div id=\"idTextPanel\" class=\"jqDnR\">\n<p><strong>F\u00fcr hartn\u00e4ckigste Verschmutzungen in Haushalt, Gewerbe und Industrie.<\/strong><\/p>\n<p>LimOrange wird unterschiedlich stark mit Wasser verd\u00fcnnt, je nach Anwendung und Grad der Verschmutzung. Verwenden Sie entweder eine Pump-Spr\u00fchflasche oder geben Sie LimOrange direkt in das Wischwasser.<\/p>\n<p><strong>Als Haushaltsreiniger: <\/strong>F\u00fcr K\u00fcche, Bad\/WC, M\u00f6bel \u2026 3 Verschlusskappen auf 5 Liter Wasser geben und mit <a href=\"http:\/\/wti-gmbh.de\/privatkunden\/produkte\/limtex\/\">LimTex Universal-Microfasertuch<\/a> die Fl\u00e4chen wie gewohnt reinigen. Zur Anwendung in der Pump-Spr\u00fchflasche werden 3 Verschlusskappen auf 0,5 Liter Wasser gegeben. Reiniger kurz wirken lassen und abwischen.<\/p>\n<p><strong>Als Fenster- und Bodenreiniger: <\/strong>3 Verschlusskappen auf 5 Liter Wasser geben und wie gewohnt reinigen.<\/p>\n<p><strong>Zur Fleckentfernung\/Kfz-Felgenreinigung: <\/strong>z.B. Polster, Teppiche, Autositze, Textilien, Kfz \u2026 5 Verschlusskappen in der Pump-Spr\u00fchflasche auf 0,5 Liter Wasser aufl\u00f6sen. Reiniger aufspr\u00fchen, einwirken lassen und mit einem Tuch abwischen bzw. vollst\u00e4ndig ausreiben.<\/p>\n<p><strong>F\u00fcr st\u00e4rkste Verschmutzungen: <\/strong>z.B. Kaugummi, Kleber, Farben, Harze, Schuhcreme, Krusten, Teer, Backofen &#8230; LimOrange unverd\u00fcnnt mit einem Schwamm auftragen, kurz einwirken lassen und dann mit einer B\u00fcrste oder LimTex Universal-Microfasertuch den Schmutz l\u00f6sen. In schwierigen F\u00e4llen kann die Dosierung erh\u00f6ht werden.<\/p>\n<\/div>\n<h3>Verf\u00fcgbare Gr\u00f6\u00dfen<\/h3>\n<p>500ml Flasche[\/vc_column_text][\/vc_column][\/vc_row]<\/p>\n","protected":false},"excerpt":{"rendered":"<p>[vc_row][vc_column width=&#8220;1\/4&#8243;][vc_single_image image=&#8220;1817&#8243; img_size=&#8220;medium&#8220;][vc_column_text] @ WTI Archivbild \/ Michael Bodmann Management &amp; More GmbH [\/vc_column_text][\/vc_column][vc_column width=&#8220;3\/4&#8243;][vc_column_text] LimOrange Universalreiniger + Fleckl\u00f6ser \u2013 das Super-Talent Dieses Konzentrat schafft den h\u00e4rtesten Schmutz. 100 % Fl\u00fcssigkonzentrat auf Orangen\u00f6l- und Orangenterpenbasis Haushalt: K\u00fcche, Bad, WC, M\u00f6bel, Fenster, \u2026 Flecken: Polster, Teppiche, Autositze, Textilien, Etiketten, \u2026 St\u00e4rkste Verschmutzungen: Kaugummi, Kleber, Farbe, [&hellip;]<\/p>\n","protected":false},"author":1,"featured_media":0,"parent":17,"menu_order":2,"comment_status":"open","ping_status":"closed","template":"","meta":[],"_links":{"self":[{"href":"https:\/\/wti-gmbh.de\/privatkunden\/wp-json\/wp\/v2\/pages\/50"}],"collection":[{"href":"https:\/\/wti-gmbh.de\/privatkunden\/wp-json\/wp\/v2\/pages"}],"about":[{"href":"https:\/\/wti-gmbh.de\/privatkunden\/wp-json\/wp\/v2\/types\/page"}],"author":[{"embeddable":true,"href":"https:\/\/wti-gmbh.de\/privatkunden\/wp-json\/wp\/v2\/users\/1"}],"replies":[{"embeddable":true,"href":"https:\/\/wti-gmbh.de\/privatkunden\/wp-json\/wp\/v2\/comments?post=50"}],"version-history":[{"count":21,"href":"https:\/\/wti-gmbh.de\/privatkunden\/wp-json\/wp\/v2\/pages\/50\/revisions"}],"predecessor-version":[{"id":2505,"href":"https:\/\/wti-gmbh.de\/privatkunden\/wp-json\/wp\/v2\/pages\/50\/revisions\/2505"}],"up":[{"embeddable":true,"href":"https:\/\/wti-gmbh.de\/privatkunden\/wp-json\/wp\/v2\/pages\/17"}],"wp:attachment":[{"href":"https:\/\/wti-gmbh.de\/privatkunden\/wp-json\/wp\/v2\/media?parent=50"}],"curies":[{"name":"wp","href":"https:\/\/api.w.org\/{rel}","templated":true}]}}