{"id":5,"date":"2015-07-31T14:48:59","date_gmt":"2015-07-31T12:48:59","guid":{"rendered":"https:\/\/wti-gmbh.de\/privatkunden\/impressum\/"},"modified":"2025-07-16T09:54:55","modified_gmt":"2025-07-16T07:54:55","slug":"impressum","status":"publish","type":"page","link":"https:\/\/wti-gmbh.de\/privatkunden\/impressum\/","title":{"rendered":"Impressum"},"content":{"rendered":"<h4>Angaben gem\u00e4\u00df \u00a7 5 TMG<\/h4>\n<p>Michael Bodmann Management &amp; More GmbH<br \/>\nWTI Reinigungsmittel<br \/>\nAn den Wiesenz\u00e4unen 22<br \/>\n88316 Isny im Allg\u00e4u<\/p>\n<h4>Vertreten durch<\/h4>\n<p>Michael Bodmann Management &amp; More GmbH<\/p>\n<p>Michael Bodmann<\/p>\n<h4>Kontakt<\/h4>\n<p>Telefon: \u00a0\u00a0 \u00a0+ 49 (0) 8281 5052<br \/>\nTelefax: \u00a0\u00a0 \u00a0+ 49 (0) 8281 6051<br \/>\nE-Mail: \u00a0\u00a0 \u00a0info@wti-gmbh.de<\/p>\n<h4>Registereintrag<\/h4>\n<p>Eintragung im Handelsregister.<br \/>\nRegistergericht: Handelsregister Ulm<br \/>\nRegisternummer: HR B749874<\/p>\n<h4>Umsatzsteuer-ID und Bankverbindung<\/h4>\n<p>Umsatzsteuer-Identifikationsnummer gem\u00e4\u00df \u00a727 a Umsatzsteuergesetz: DE 128 964 698<\/p>\n<p>Bank: Raiffeisenbank Balzhausen<br \/>\nIBAN: DE16 72069235 000 2518732<br \/>\nBIC: GENODEF1THS<\/p>\n<h4>Verantwortlich f\u00fcr den Inhalt nach \u00a7 55 Abs. 2 RStV<\/h4>\n<p>Michael Bodmann<\/p>\n<h4>Bilder-Credits<\/h4>\n<p>@ alle Produktbilder: WTI Archivbilder \/ Michael Bodmann Management &amp; More GmbH<\/p>\n<p><a href=\"http:\/\/ToonCharacters.com\" target=\"_blank\" rel=\"noopener\">ToonCharacters.com<\/a><a class=\"ftl-tooltip-title\" title=\"Sehen Sie weitere Bilder von diesem Anbieter\" href=\"https:\/\/de.fotolia.com\/p\/200906670\" target=\"_blank\" rel=\"noopener\"><br \/>\nKonstantin Yuganov &#8211; fotolia.com<br \/>\n<\/a><a href=\"https:\/\/de.fotolia.com\/p\/200906670\" target=\"_blank\" rel=\"noopener\">antiksu &#8211; fotolia.com<br \/>\n<\/a><a class=\"ftl-tooltip-title\" title=\"Sehen Sie weitere Bilder von diesem Anbieter\" href=\"https:\/\/de.fotolia.com\/p\/201048828\" target=\"_blank\" rel=\"noopener\">FikMik &#8211; fotolia.com<\/a><br \/>\n<a href=\"https:\/\/de.fotolia.com\/id\/78187105#\" target=\"_blank\" rel=\"noopener\">marigold_88 &#8211; fotolia.com<\/a><\/p>\n<h4>Haftungsausschluss (Disclaimer)<\/h4>\n<p><strong>Haftung f\u00fcr Inhalte<\/strong><\/p>\n<p>Als Diensteanbieter sind wir gem\u00e4\u00df \u00a7 7 Abs.1 TMG f\u00fcr eigene Inhalte auf diesen Seiten nach den allgemeinen Gesetzen verantwortlich. Nach \u00a7\u00a7 8 bis 10 TMG sind wir als Diensteanbieter jedoch nicht verpflichtet, \u00fcbermittelte oder gespeicherte fremde Informationen zu \u00fcberwachen oder nach Umst\u00e4nden zu forschen, die auf eine rechtswidrige T\u00e4tigkeit hinweisen. Verpflichtungen zur Entfernung oder Sperrung der Nutzung von Informationen nach den allgemeinen Gesetzen bleiben hiervon unber\u00fchrt. Eine diesbez\u00fcgliche Haftung ist jedoch erst ab dem Zeitpunkt der Kenntnis einer konkreten Rechtsverletzung m\u00f6glich. Bei Bekanntwerden von entsprechenden Rechtsverletzungen werden wir diese Inhalte umgehend entfernen.<\/p>\n<p><strong>Haftung f\u00fcr Links<\/strong><\/p>\n<p>Unser Angebot enth\u00e4lt Links zu externen Webseiten Dritter, auf deren Inhalte wir keinen Einfluss haben. Deshalb k\u00f6nnen wir f\u00fcr diese fremden Inhalte auch keine Gew\u00e4hr \u00fcbernehmen. F\u00fcr die Inhalte der verlinkten Seiten ist stets der jeweilige Anbieter oder Betreiber der Seiten verantwortlich. Die verlinkten Seiten wurden zum Zeitpunkt der Verlinkung auf m\u00f6gliche Rechtsverst\u00f6\u00dfe \u00fcberpr\u00fcft. Rechtswidrige Inhalte waren zum Zeitpunkt der Verlinkung nicht erkennbar. Eine permanente inhaltliche Kontrolle der verlinkten Seiten ist jedoch ohne konkrete Anhaltspunkte einer Rechtsverletzung nicht zumutbar. Bei Bekanntwerden von Rechtsverletzungen werden wir derartige Links umgehend entfernen.<\/p>\n<p><strong>Urheberrecht<\/strong><\/p>\n<p>Die durch die Seitenbetreiber erstellten Inhalte und Werke auf diesen Seiten unterliegen dem deutschen Urheberrecht. Die Vervielf\u00e4ltigung, Bearbeitung, Verbreitung und jede Art der Verwertung au\u00dferhalb der Grenzen des Urheberrechtes bed\u00fcrfen der schriftlichen Zustimmung des jeweiligen Autors bzw. Erstellers. Downloads und Kopien dieser Seite sind nur f\u00fcr den privaten, nicht kommerziellen Gebrauch gestattet. Soweit die Inhalte auf dieser Seite nicht vom Betreiber erstellt wurden, werden die Urheberrechte Dritter beachtet. Insbesondere werden Inhalte Dritter als solche gekennzeichnet. Sollten Sie trotzdem auf eine Urheberrechtsverletzung aufmerksam werden, bitten wir um einen entsprechenden Hinweis. Bei Bekanntwerden von Rechtsverletzungen werden wir derartige Inhalte umgehend entfernen.<\/p>\n<h4>Beschwerdeverfahren<\/h4>\n<h5>Streitbeilegung:<\/h5>\n<p>Wir sind nicht bereit oder verpflichtet, an Streitbeteiligungsverfahren vor einer Verbraucherschlichtungsstelle teilzunehmen.<\/p>\n","protected":false},"excerpt":{"rendered":"<p>Angaben gem\u00e4\u00df \u00a7 5 TMG Michael Bodmann Management &amp; More GmbH WTI Reinigungsmittel An den Wiesenz\u00e4unen 22 88316 Isny im Allg\u00e4u Vertreten durch Michael Bodmann Management &amp; More GmbH Michael Bodmann Kontakt Telefon: \u00a0\u00a0 \u00a0+ 49 (0) 8281 5052 Telefax: \u00a0\u00a0 \u00a0+ 49 (0) 8281 6051 E-Mail: \u00a0\u00a0 \u00a0info@wti-gmbh.de Registereintrag Eintragung im Handelsregister. Registergericht: Handelsregister [&hellip;]<\/p>\n","protected":false},"author":1,"featured_media":0,"parent":0,"menu_order":0,"comment_status":"closed","ping_status":"open","template":"","meta":[],"_links":{"self":[{"href":"https:\/\/wti-gmbh.de\/privatkunden\/wp-json\/wp\/v2\/pages\/5"}],"collection":[{"href":"https:\/\/wti-gmbh.de\/privatkunden\/wp-json\/wp\/v2\/pages"}],"about":[{"href":"https:\/\/wti-gmbh.de\/privatkunden\/wp-json\/wp\/v2\/types\/page"}],"author":[{"embeddable":true,"href":"https:\/\/wti-gmbh.de\/privatkunden\/wp-json\/wp\/v2\/users\/1"}],"replies":[{"embeddable":true,"href":"https:\/\/wti-gmbh.de\/privatkunden\/wp-json\/wp\/v2\/comments?post=5"}],"version-history":[{"count":31,"href":"https:\/\/wti-gmbh.de\/privatkunden\/wp-json\/wp\/v2\/pages\/5\/revisions"}],"predecessor-version":[{"id":3055,"href":"https:\/\/wti-gmbh.de\/privatkunden\/wp-json\/wp\/v2\/pages\/5\/revisions\/3055"}],"wp:attachment":[{"href":"https:\/\/wti-gmbh.de\/privatkunden\/wp-json\/wp\/v2\/media?parent=5"}],"curies":[{"name":"wp","href":"https:\/\/api.w.org\/{rel}","templated":true}]}}