{"id":947,"date":"2014-05-04T05:15:29","date_gmt":"2014-05-04T05:15:29","guid":{"rendered":"http:\/\/newsmartwave.net\/wordpress\/venedor\/dummy\/?page_id=947"},"modified":"2026-02-23T09:58:54","modified_gmt":"2026-02-23T08:58:54","slug":"ueber-uns","status":"publish","type":"page","link":"https:\/\/wti-gmbh.de\/geschaeftskunden\/ueber-uns\/","title":{"rendered":"WTI Reinigungsmittel"},"content":{"rendered":"<p>[vc_row][vc_column]    <div class=\"shortcode container  \"\r\n        >\r\n        \r\n    <div class=\"shortcode shortcode-content  notitle  \"\r\n        >\r\n\r\n        \r\n        \r\n        [vc_column_text]WTI ist seit ca. 40 Jahren Ihr Partner f\u00fcr hochwirksame Reinigungsmittel. Wir beliefern seit Jahrzehnten Gesch\u00e4ftskunden mit unseren bew\u00e4hrten, anwenderfreundlichen und umweltgerechten Reinigungsprodukten.<\/p>\n<p>Unsere Produkte erhalten Sie nicht im Handel, sondern nur direkt bei uns. Das spart unn\u00f6tige Lager- und Frachtkosten und gibt uns zudem die M\u00f6glichkeit, Ihnen ein <strong>optimales Preis-Leistungs-Verh\u00e4ltnis<\/strong> anzubieten.<\/p>\n<p>Wir vertreten die <strong>Philosophie von Konzentrat-Produkten<\/strong>, die Sie individuell je nach Art und St\u00e4rke der Verschmutzungen selbst mischen und somit individuell anwenden k\u00f6nnen. Deshalb umfasst unser Produktsortiment nur <strong>ganz bewusst und gezielt ausgew\u00e4hlte Artikel, <\/strong>mit denen sich <strong>alle Verunreinigungen des betrieblichen Alltags beinahe m\u00fchelos entfernen lassen. <\/strong><\/p>\n<p>Mit unserem <strong>LimCalc Spezial-Kalkl\u00f6ser<\/strong> als 100 %-Pulverkonzentrat k\u00f6nnen Sie zum Beispiel professionell Entkalkungen durchf\u00fchren (Kreislaufsp\u00fclungen) und hartn\u00e4ckige Kalkablagerungen und Rost aus\/an\/in Ger\u00e4ten\/Maschinen entfernen. Und mit unserem hochwirksamen <strong>Spezial-Reiniger LimTech<\/strong> als 100 %-Fl\u00fcssigkonzentrat entfernen Sie unter anderem \u00d6le, Fette, Wachs, Kleber, Etiketten und Verschmutzungen aller Art von Metalloberfl\u00e4chen, Ger\u00e4ten, Maschinen und Werkzeugen ohne gro\u00dfen Aufwand und M\u00fche.[\/vc_column_text]\r\n    <\/div>\r\n        <\/div>\r\n    [vc_empty_space][vc_empty_space][\/vc_column][\/vc_row][vc_row css=&#8220;.vc_custom_1404977723215{margin-bottom: 40px !important;}&#8220;][vc_column]    <div class=\"shortcode container  animated\"\r\n                 animation_type=\"fadeInUp\" animation_duration=\"1\" animation_delay=\"0\"\r\n        >\r\n            <div id=\"persons-1-start\" class=\"shortcode shortcode-persons  \"\r\n        >\r\n                <h2 class=\"entry-title persons-title\">Ihre Anprechpartner<\/h2>\r\n                <div id=\"persons-1\" class=\"content-slider owl-carousel single  clearfix\">\r\n                <div class=\"shortcode person content-item  \"\r\n        >\r\n        <div class=\"row\">\r\n                        <div class=\"person-photo col-sm-4\"><img class=\"img-responsive\" src=\"\/\/wti-gmbh.de\/privatkunden\/wp-content\/uploads\/sites\/2\/2015\/08\/sonja_raedler.jpg\"\/><\/div>\r\n                        <div class=\"person-content col-sm-8\">\r\n                <h3 class=\"person-name\">Sonja Allgaier<\/h3>\r\n                <div class=\"person-role\">Vertrieb<\/div>\r\n                <div class=\"entry-content\">[vc_column_text css=&#8220;.vc_custom_1440179177488{margin-bottom: 0px !important;}&#8220;]Als gelernte Industriekauffrau kenne ich mich mittlerweile in vielen Bereichen eines Unternehmens aus, doch mein Schwerpunkt liegt eindeutig im Vertrieb, denn ich habe sehr gerne Kundenkontakt. Ich nehme jede Herausforderung unserer Kunden an und behalte auch in stressigen Situationen stets den \u00dcberblick. Ich entwickle mich gerne weiter und bin offen f\u00fcr alles Neue.<\/p>\n<p>Von unseren Produkten bin ich sehr \u00fcberzeugt. Deshalb macht es mir auch riesigen Spa\u00df, diese zu verkaufen.[\/vc_column_text]    <div class=\"shortcode quote  \"\r\n        >\r\n        [vc_column_text]Mit dem WTI-Motto <strong>\u201eeinfach sauber, einfach gut\u201c<\/strong> ist eigentlich schon alles gesagt: <strong>Einfach<\/strong> in der Anwendung, ein hervorragendes, <strong>sauberes<\/strong> Reinigungsergebnis, <strong>einfach<\/strong> ein <strong>gutes<\/strong> Putzgef\u00fchl.[\/vc_column_text]    <\/div>\r\n    [vc_column_text]Und was mich ganz besonders freut: Tagt\u00e4glich wird mir dies von unseren treuen und langj\u00e4hrigen Kunden mehrfach best\u00e4tigt.<\/p>\n<table style=\"height: 17px\" border=\"0\" width=\"272\" rules=\"NONE\" cellspacing=\"0\">\n<colgroup>\n<col width=\"86\" \/><\/colgroup>\n<tbody>\n<tr>\n<td align=\"LEFT\" width=\"86\" height=\"17\"><span style=\"font-size: xx-small\">@ Bild: tooncharacters.com<\/span><\/td>\n<\/tr>\n<\/tbody>\n<\/table>\n<p>[\/vc_column_text]<\/div>\r\n                <div class=\"clearfix\">\r\n                    <div class=\"person-social\">\r\n                                                                                                                                                                                                                                                <a class=\"email\" target=\"_blank\" href=\"mailto:s.allgaier@wti-gmbh.de\" data-toggle=\"tooltip\" title=\"E-Mail\"><span class=\"fa fa-envelope\"><\/span><\/a> \r\n                                            <\/div>\r\n                    <div class=\"person-contact\">\r\n                        <div class=\"person-email\">s.allgaier@wti-gmbh.de<\/div>                        <div class=\"person-phone\">+ (49) 0 82 81 - 50 52<\/div>                    <\/div>\r\n                <\/div>                \r\n            <\/div>\r\n        <\/div>\r\n    <\/div>\r\n\r\n            <\/div>\r\n        <script type=\"text\/javascript\">\r\n        \/* <![CDATA[ *\/\r\n        jQuery(document).ready(function($) {\r\n            $(\"#persons-1\").owlCarousel({\r\n                slideSpeed : 500,\r\n                pagination : false,\r\n                navigation : true,\r\n                navigationText: false,\r\n                singleItem: true,\r\n                \/\/transitionStyle : \"fade\",\r\n                autoPlay: 7000\r\n            });\r\n        })\r\n        \/* ]]> *\/\r\n        <\/script>\r\n    <\/div>\r\n    [vc_empty_space][vc_separator]    <\/div>\r\n    [\/vc_column][\/vc_row]<\/p>\n","protected":false},"excerpt":{"rendered":"<p>[vc_row][vc_column][vc_empty_space][vc_empty_space][\/vc_column][\/vc_row][vc_row css=&#8220;.vc_custom_1404977723215{margin-bottom: 40px !important;}&#8220;][vc_column][\/vc_column][\/vc_row]<\/p>\n","protected":false},"author":1,"featured_media":0,"parent":0,"menu_order":0,"comment_status":"open","ping_status":"open","template":"","meta":[],"_links":{"self":[{"href":"https:\/\/wti-gmbh.de\/geschaeftskunden\/wp-json\/wp\/v2\/pages\/947"}],"collection":[{"href":"https:\/\/wti-gmbh.de\/geschaeftskunden\/wp-json\/wp\/v2\/pages"}],"about":[{"href":"https:\/\/wti-gmbh.de\/geschaeftskunden\/wp-json\/wp\/v2\/types\/page"}],"author":[{"embeddable":true,"href":"https:\/\/wti-gmbh.de\/geschaeftskunden\/wp-json\/wp\/v2\/users\/1"}],"replies":[{"embeddable":true,"href":"https:\/\/wti-gmbh.de\/geschaeftskunden\/wp-json\/wp\/v2\/comments?post=947"}],"version-history":[{"count":43,"href":"https:\/\/wti-gmbh.de\/geschaeftskunden\/wp-json\/wp\/v2\/pages\/947\/revisions"}],"predecessor-version":[{"id":3794,"href":"https:\/\/wti-gmbh.de\/geschaeftskunden\/wp-json\/wp\/v2\/pages\/947\/revisions\/3794"}],"wp:attachment":[{"href":"https:\/\/wti-gmbh.de\/geschaeftskunden\/wp-json\/wp\/v2\/media?parent=947"}],"curies":[{"name":"wp","href":"https:\/\/api.w.org\/{rel}","templated":true}]}}