{"id":3417,"date":"2022-02-17T18:07:05","date_gmt":"2022-02-17T17:07:05","guid":{"rendered":"https:\/\/wti-gmbh.de\/geschaeftskunden\/?page_id=3417"},"modified":"2023-01-31T10:58:05","modified_gmt":"2023-01-31T09:58:05","slug":"newsletter-angebot","status":"publish","type":"page","link":"https:\/\/wti-gmbh.de\/geschaeftskunden\/newsletter-angebot\/","title":{"rendered":"Newsletter-Angebot"},"content":{"rendered":"<p>[vc_row][vc_column][vc_column_text]<\/p>\n\n<h1>&#8222;Probieren geht \u00fcber Studieren&#8220;<\/h1>\n\n\n<h1>LimCalc Spezial 100%-Pulverkonzentrat<\/h1>\n\n\n\n<div class=\"wp-block-image\">\n<figure class=\"alignleft size-large is-resized\"><a href=\"https:\/\/wti-gmbh.de\/geschaeftskunden\/wp-content\/uploads\/sites\/3\/2021\/02\/LimCalc-Spezial-2021-scaled.jpg\"><img loading=\"lazy\" class=\"wp-image-3343\" src=\"https:\/\/wti-gmbh.de\/geschaeftskunden\/wp-content\/uploads\/sites\/3\/2021\/02\/LimCalc-Spezial-2021-1024x1024.jpg\" alt=\"\" width=\"351\" height=\"351\" srcset=\"https:\/\/wti-gmbh.de\/geschaeftskunden\/wp-content\/uploads\/sites\/3\/2021\/02\/LimCalc-Spezial-2021-1024x1024.jpg 1024w, https:\/\/wti-gmbh.de\/geschaeftskunden\/wp-content\/uploads\/sites\/3\/2021\/02\/LimCalc-Spezial-2021-300x300.jpg 300w, https:\/\/wti-gmbh.de\/geschaeftskunden\/wp-content\/uploads\/sites\/3\/2021\/02\/LimCalc-Spezial-2021-150x150.jpg 150w, https:\/\/wti-gmbh.de\/geschaeftskunden\/wp-content\/uploads\/sites\/3\/2021\/02\/LimCalc-Spezial-2021-768x768.jpg 768w, https:\/\/wti-gmbh.de\/geschaeftskunden\/wp-content\/uploads\/sites\/3\/2021\/02\/LimCalc-Spezial-2021-1536x1536.jpg 1536w, https:\/\/wti-gmbh.de\/geschaeftskunden\/wp-content\/uploads\/sites\/3\/2021\/02\/LimCalc-Spezial-2021-2048x2048.jpg 2048w, https:\/\/wti-gmbh.de\/geschaeftskunden\/wp-content\/uploads\/sites\/3\/2021\/02\/LimCalc-Spezial-2021-1140x1140.jpg 1140w, https:\/\/wti-gmbh.de\/geschaeftskunden\/wp-content\/uploads\/sites\/3\/2021\/02\/LimCalc-Spezial-2021-1000x1000.jpg 1000w, https:\/\/wti-gmbh.de\/geschaeftskunden\/wp-content\/uploads\/sites\/3\/2021\/02\/LimCalc-Spezial-2021-645x645.jpg 645w, https:\/\/wti-gmbh.de\/geschaeftskunden\/wp-content\/uploads\/sites\/3\/2021\/02\/LimCalc-Spezial-2021-560x560.jpg 560w, https:\/\/wti-gmbh.de\/geschaeftskunden\/wp-content\/uploads\/sites\/3\/2021\/02\/LimCalc-Spezial-2021-750x750.jpg 750w, https:\/\/wti-gmbh.de\/geschaeftskunden\/wp-content\/uploads\/sites\/3\/2021\/02\/LimCalc-Spezial-2021-400x400.jpg 400w, https:\/\/wti-gmbh.de\/geschaeftskunden\/wp-content\/uploads\/sites\/3\/2021\/02\/LimCalc-Spezial-2021-228x228.jpg 228w, https:\/\/wti-gmbh.de\/geschaeftskunden\/wp-content\/uploads\/sites\/3\/2021\/02\/LimCalc-Spezial-2021-800x800.jpg 800w, https:\/\/wti-gmbh.de\/geschaeftskunden\/wp-content\/uploads\/sites\/3\/2021\/02\/LimCalc-Spezial-2021-100x100.jpg 100w\" sizes=\"(max-width: 351px) 100vw, 351px\" \/><\/a><\/figure>\n<\/div>\n\n<p>Vielen Dank f\u00fcr Ihr Interesse an meinem LimCalc Spezial 100%-Pulverkonzentrat Testpaket!<\/p>\n\n<p><strong>Ihr Testpaket besteht aus 2 Beuteln je 1 kg zum Vorzugspreis von 9,90 EUR je Beutel anstatt 13,50 EUR, zuz\u00fcglich Versandkosten und gesetzlicher MwSt.<\/strong><\/p>\n\n<p>Zum <strong>Erhalt Ihres Testpakets<\/strong> schreiben Sie uns bitte eine <strong>Mail<\/strong> an <a href=\"mailto:info@wti-gmbh.de\">info@wti-gmbh.de<\/a> und geben in der Betreff-Zeile \u201eNewsletter-Angebot\u201c ein.<\/p>\n\n<p><strong>Auch ben\u00f6tigen wir f\u00fcr den Versand Ihren vollst\u00e4ndigen Firmennamen und nat\u00fcrlich die Adresse.<\/strong><\/p>\n\n<p><strong>Hinweis:<\/strong> Sie m\u00fcssen sich somit nicht erst registrieren und auch nicht sofort bezahlen. Sondern unsere Rechnung liegt mit im Paket, und sicherheitshalber erhalten Sie diese auch noch einmal per Mail zugesandt.<\/p>\n\n<p>Gerne h\u00f6re ich wieder von Ihnen und freue mich auf Ihre Testbestellung!<\/p>\n\n<p>Michael Bodmann<\/p>\n\n<p>Gesch\u00e4ftsf\u00fchrer + Inhaber<\/p>\n<table style=\"height: 10px;\" border=\"0\" width=\"280\" frame=\"VOID\" rules=\"NONE\" cellspacing=\"0\">\n<colgroup>\n<col width=\"86\" \/><\/colgroup>\n<tbody>\n<tr>\n<td align=\"LEFT\" width=\"86\" height=\"17\"><span style=\"font-size: xx-small;\">@ WTI Archivbild \/ Michael Bodmann Management &amp; More GmbH<\/span><\/td>\n<\/tr>\n<\/tbody>\n<\/table>\n\n\n<p class=\"has-text-align-center\"><a href=\"https:\/\/wti-gmbh.de\/geschaeftskunden\/produkte\/limcalc-spezial\/\">Produktinformation LimCalc Spezial<\/a><\/p>\n\n\n<p>&nbsp;<\/p>\n<p>[\/vc_column_text][\/vc_column][\/vc_row]<\/p>\n","protected":false},"excerpt":{"rendered":"<p>[vc_row][vc_column][vc_column_text] &#8222;Probieren geht \u00fcber Studieren&#8220; LimCalc Spezial 100%-Pulverkonzentrat Vielen Dank f\u00fcr Ihr Interesse an meinem LimCalc Spezial 100%-Pulverkonzentrat Testpaket! Ihr Testpaket besteht aus 2 Beuteln je 1 kg zum Vorzugspreis von 9,90 EUR je Beutel anstatt 13,50 EUR, zuz\u00fcglich Versandkosten und gesetzlicher MwSt. Zum Erhalt Ihres Testpakets schreiben Sie uns bitte eine Mail an info@wti-gmbh.de [&hellip;]<\/p>\n","protected":false},"author":13,"featured_media":0,"parent":0,"menu_order":0,"comment_status":"closed","ping_status":"closed","template":"","meta":[],"_links":{"self":[{"href":"https:\/\/wti-gmbh.de\/geschaeftskunden\/wp-json\/wp\/v2\/pages\/3417"}],"collection":[{"href":"https:\/\/wti-gmbh.de\/geschaeftskunden\/wp-json\/wp\/v2\/pages"}],"about":[{"href":"https:\/\/wti-gmbh.de\/geschaeftskunden\/wp-json\/wp\/v2\/types\/page"}],"author":[{"embeddable":true,"href":"https:\/\/wti-gmbh.de\/geschaeftskunden\/wp-json\/wp\/v2\/users\/13"}],"replies":[{"embeddable":true,"href":"https:\/\/wti-gmbh.de\/geschaeftskunden\/wp-json\/wp\/v2\/comments?post=3417"}],"version-history":[{"count":15,"href":"https:\/\/wti-gmbh.de\/geschaeftskunden\/wp-json\/wp\/v2\/pages\/3417\/revisions"}],"predecessor-version":[{"id":3586,"href":"https:\/\/wti-gmbh.de\/geschaeftskunden\/wp-json\/wp\/v2\/pages\/3417\/revisions\/3586"}],"wp:attachment":[{"href":"https:\/\/wti-gmbh.de\/geschaeftskunden\/wp-json\/wp\/v2\/media?parent=3417"}],"curies":[{"name":"wp","href":"https:\/\/api.w.org\/{rel}","templated":true}]}}