{"id":2544,"date":"2015-08-02T20:34:48","date_gmt":"2015-08-02T18:34:48","guid":{"rendered":"https:\/\/wti-gmbh.de\/geschaeftskunden\/?page_id=2544"},"modified":"2023-01-31T11:01:41","modified_gmt":"2023-01-31T10:01:41","slug":"einsteigerpaket","status":"publish","type":"page","link":"https:\/\/wti-gmbh.de\/geschaeftskunden\/produkte\/einsteigerpaket\/","title":{"rendered":"Einsteigerpaket"},"content":{"rendered":"<p>[vc_row][vc_column][vc_column_text]<\/p>\n<h3>Einsteigerpaket 5 x 5 &#8211; Sparen Sie \u00fcber 15 %<\/h3>\n<p>[\/vc_column_text][\/vc_column][\/vc_row][vc_row][vc_column width=&#8220;1\/3&#8243;][vc_column_text]<\/p>\n<p style=\"text-align: left;\">Erhalten Sie die folgenden 5 Produkte jeweils in 5-facher Menge statt der vollen Verpackungseinheit von 10 oder 12.<\/p>\n<p style=\"text-align: left;\">Zus\u00e4tzlich erhalten Sie noch einen Rabatt von 5 %.<\/p>\n<p style=\"text-align: left;\">Die Reinigungsmittel sind nicht im Fachhandel erh\u00e4ltlich und Sie beziehen diese\u00a0direkt vom Hersteller.<\/p>\n<p>[\/vc_column_text][\/vc_column][vc_column width=&#8220;1\/3&#8243;][vc_column_text]<\/p>\n<p style=\"text-align: left;\">Ihre Vorteile:<\/p>\n<p style=\"text-align: left;\">Anwenderfreundlich<\/p>\n<p style=\"text-align: left;\">Konzentrate<\/p>\n<p style=\"text-align: left;\">keine Entsorgung notwendig<\/p>\n<p>&nbsp;<\/p>\n<p><a href=\"https:\/\/wti-gmbh.de\/geschaeftskunden\/produkt\/einsteigerpaket\/\">im Online Shop kaufen<\/a>[\/vc_column_text][\/vc_column][vc_column width=&#8220;1\/3&#8243;][vc_single_image image=&#8220;3214&#8243; img_size=&#8220;180&#215;180&#8243;][vc_column_text]<\/p>\n<table style=\"height: 13px;\" border=\"0\" width=\"280\" frame=\"VOID\" rules=\"NONE\" cellspacing=\"0\">\n<colgroup>\n<col width=\"86\" \/><\/colgroup>\n<tbody>\n<tr>\n<td align=\"LEFT\" width=\"86\" height=\"17\"><span style=\"font-size: xx-small;\">@ WTI Archivbild \/ Michael Bodmann Management &amp; More GmbH<\/span><\/td>\n<\/tr>\n<\/tbody>\n<\/table>\n<p>[\/vc_column_text][\/vc_column][\/vc_row][vc_row][vc_column][vc_empty_space][vc_separator][\/vc_column][\/vc_row][vc_row][vc_column width=&#8220;1\/2&#8243;][vc_column_text]<\/p>\n<h3><strong>1. Produkt &#8211; LimCalc Spezial<br \/>\n<\/strong><\/h3>\n<table style=\"height: 11px;\" border=\"0\" width=\"282\" frame=\"VOID\" rules=\"NONE\" cellspacing=\"0\">\n<colgroup>\n<col width=\"86\" \/><\/colgroup>\n<tbody>\n<tr>\n<td align=\"LEFT\" width=\"86\" height=\"17\"><span style=\"font-size: xx-small;\">@ WTI Archivbild \/ Michael Bodmann Management &amp; More GmbH<\/span><\/td>\n<\/tr>\n<\/tbody>\n<\/table>\n<h4><a href=\"https:\/\/wti-gmbh.de\/geschaeftskunden\/wp-content\/uploads\/sites\/3\/2020\/11\/LimCalc-Spezial-2020.jpg\"><img loading=\"lazy\" class=\"margin: 10px; wp-image-3196 alignleft\" src=\"https:\/\/wti-gmbh.de\/geschaeftskunden\/wp-content\/uploads\/sites\/3\/2020\/11\/LimCalc-Spezial-2020-300x300.jpg\" alt=\"\" width=\"301\" height=\"301\" srcset=\"https:\/\/wti-gmbh.de\/geschaeftskunden\/wp-content\/uploads\/sites\/3\/2020\/11\/LimCalc-Spezial-2020-300x300.jpg 300w, https:\/\/wti-gmbh.de\/geschaeftskunden\/wp-content\/uploads\/sites\/3\/2020\/11\/LimCalc-Spezial-2020-150x150.jpg 150w, https:\/\/wti-gmbh.de\/geschaeftskunden\/wp-content\/uploads\/sites\/3\/2020\/11\/LimCalc-Spezial-2020-768x768.jpg 768w, https:\/\/wti-gmbh.de\/geschaeftskunden\/wp-content\/uploads\/sites\/3\/2020\/11\/LimCalc-Spezial-2020-1024x1024.jpg 1024w, https:\/\/wti-gmbh.de\/geschaeftskunden\/wp-content\/uploads\/sites\/3\/2020\/11\/LimCalc-Spezial-2020-1140x1140.jpg 1140w, https:\/\/wti-gmbh.de\/geschaeftskunden\/wp-content\/uploads\/sites\/3\/2020\/11\/LimCalc-Spezial-2020-1000x1000.jpg 1000w, https:\/\/wti-gmbh.de\/geschaeftskunden\/wp-content\/uploads\/sites\/3\/2020\/11\/LimCalc-Spezial-2020-645x645.jpg 645w, https:\/\/wti-gmbh.de\/geschaeftskunden\/wp-content\/uploads\/sites\/3\/2020\/11\/LimCalc-Spezial-2020-560x560.jpg 560w, https:\/\/wti-gmbh.de\/geschaeftskunden\/wp-content\/uploads\/sites\/3\/2020\/11\/LimCalc-Spezial-2020-750x750.jpg 750w, https:\/\/wti-gmbh.de\/geschaeftskunden\/wp-content\/uploads\/sites\/3\/2020\/11\/LimCalc-Spezial-2020-400x400.jpg 400w, https:\/\/wti-gmbh.de\/geschaeftskunden\/wp-content\/uploads\/sites\/3\/2020\/11\/LimCalc-Spezial-2020-228x228.jpg 228w, https:\/\/wti-gmbh.de\/geschaeftskunden\/wp-content\/uploads\/sites\/3\/2020\/11\/LimCalc-Spezial-2020-800x800.jpg 800w, https:\/\/wti-gmbh.de\/geschaeftskunden\/wp-content\/uploads\/sites\/3\/2020\/11\/LimCalc-Spezial-2020-100x100.jpg 100w\" sizes=\"(max-width: 301px) 100vw, 301px\" \/><\/a><strong>Allgemein<\/strong><\/h4>\n<p>LimCalc Spezial<strong> f\u00fcr Industrie und Gewerbe<\/strong> l\u00f6st anwender-, material- und umweltfreundlich alle <strong>Kalk- und Rostprobleme in Heizungs- und Industrieanlagen<\/strong> (z. B. K\u00fchlaggregaten, Luftw\u00e4scheranlagen), von <strong>angerosteten Maschinenwerkst\u00fccken<\/strong>, in Industriewasch- und Sp\u00fclmaschinen, in <strong>gewerblichen Kaffeeautomaten<\/strong> usw. ganz <strong>OHNE<\/strong>\u00a0l\u00e4stige Ger\u00fcche und ohne aufwendige Neutralisation sowie <strong>OHNE<\/strong> spezielle Entsorgung!<\/p>\n<h4><strong>F\u00fcr wen eignet sich LimCalc Spezial?<\/strong><\/h4>\n<p>LimCalc Spezial nutzen Industrie und Gewerbekunden zur <strong>professionellen Entkalkung, Kalkreinigung<\/strong> (Kreislaufsp\u00fclung) sowie <strong>Rostentfernung<\/strong> von\/in Ger\u00e4ten und Maschinen.[\/vc_column_text][vc_column_text]<\/p>\n<h4><strong>Sie erhalten:<\/strong><\/h4>\n<p>5 Beutel LimCalc Spezial anstelle der vollen Verpackungseinheit von 10 Beuteln.[\/vc_column_text][\/vc_column][vc_column width=&#8220;1\/2&#8243;][vc_column_text]<\/p>\n<h3><strong>2. Produkt &#8211; LimTech Industrie-Reiniger<br \/>\n<\/strong><\/h3>\n<table style=\"height: 11px;\" border=\"0\" width=\"282\" frame=\"VOID\" rules=\"NONE\" cellspacing=\"0\">\n<colgroup>\n<col width=\"86\" \/><\/colgroup>\n<tbody>\n<tr>\n<td align=\"LEFT\" width=\"86\" height=\"17\"><span style=\"font-size: xx-small;\">@ WTI Archivbild \/ Michael Bodmann Management &amp; More GmbH<\/span><\/td>\n<\/tr>\n<\/tbody>\n<\/table>\n<p><a href=\"https:\/\/wti-gmbh.de\/geschaeftskunden\/wp-content\/uploads\/sites\/3\/2020\/11\/LimTech-2020.jpg\"><img loading=\"lazy\" class=\" wp-image-3201 alignleft\" src=\"https:\/\/wti-gmbh.de\/geschaeftskunden\/wp-content\/uploads\/sites\/3\/2020\/11\/LimTech-2020-300x300.jpg\" alt=\"\" width=\"301\" height=\"301\" srcset=\"https:\/\/wti-gmbh.de\/geschaeftskunden\/wp-content\/uploads\/sites\/3\/2020\/11\/LimTech-2020-300x300.jpg 300w, https:\/\/wti-gmbh.de\/geschaeftskunden\/wp-content\/uploads\/sites\/3\/2020\/11\/LimTech-2020-150x150.jpg 150w, https:\/\/wti-gmbh.de\/geschaeftskunden\/wp-content\/uploads\/sites\/3\/2020\/11\/LimTech-2020-768x768.jpg 768w, https:\/\/wti-gmbh.de\/geschaeftskunden\/wp-content\/uploads\/sites\/3\/2020\/11\/LimTech-2020-1024x1024.jpg 1024w, https:\/\/wti-gmbh.de\/geschaeftskunden\/wp-content\/uploads\/sites\/3\/2020\/11\/LimTech-2020-1140x1140.jpg 1140w, https:\/\/wti-gmbh.de\/geschaeftskunden\/wp-content\/uploads\/sites\/3\/2020\/11\/LimTech-2020-1000x1000.jpg 1000w, https:\/\/wti-gmbh.de\/geschaeftskunden\/wp-content\/uploads\/sites\/3\/2020\/11\/LimTech-2020-645x645.jpg 645w, https:\/\/wti-gmbh.de\/geschaeftskunden\/wp-content\/uploads\/sites\/3\/2020\/11\/LimTech-2020-560x560.jpg 560w, https:\/\/wti-gmbh.de\/geschaeftskunden\/wp-content\/uploads\/sites\/3\/2020\/11\/LimTech-2020-750x750.jpg 750w, https:\/\/wti-gmbh.de\/geschaeftskunden\/wp-content\/uploads\/sites\/3\/2020\/11\/LimTech-2020-400x400.jpg 400w, https:\/\/wti-gmbh.de\/geschaeftskunden\/wp-content\/uploads\/sites\/3\/2020\/11\/LimTech-2020-228x228.jpg 228w, https:\/\/wti-gmbh.de\/geschaeftskunden\/wp-content\/uploads\/sites\/3\/2020\/11\/LimTech-2020-800x800.jpg 800w, https:\/\/wti-gmbh.de\/geschaeftskunden\/wp-content\/uploads\/sites\/3\/2020\/11\/LimTech-2020-100x100.jpg 100w\" sizes=\"(max-width: 301px) 100vw, 301px\" \/><\/a><\/p>\n<h4><\/h4>\n<h4><strong>100 % Super-Fl\u00fcssigkonzentrat<\/strong><\/h4>\n<p>Hochwirksamer <strong>Spezial-Reiniger<\/strong> als 100 %-Fl\u00fcssigkonzentrat zur professionellen Reinigung und Entfernung von \u00d6len, Fetten, Farben, Kleber und Verschmutzungen aller Art von Ger\u00e4ten und Maschinen, Werkzeugen in Industrie und Gewerbe.<\/p>\n<h4><strong>Was ist das Besondere an LimTech?<\/strong><\/h4>\n<p>LimTech Industrie-Reiniger wird in der Regel verd\u00fcnnt angewendet. Als Konzentrat geben Sie LimTech Industrie-Reiniger pur auf ein nasses, werkstatt\u00fcbliches Reinigungstuch (z. B. Microfasertuch) und entfernen Sie die Verunreinigung. \u00dcbliche Verd\u00fcnnung in der Pumpsprayflasche: 5 Verschlusskappen auf 1 Liter Wasser sind ausreichend.[\/vc_column_text][vc_column_text]<\/p>\n<h4><strong>Sie erhalten:<\/strong><\/h4>\n<p>5 Flaschen LimTech Industrie-Reiniger anstelle der vollen Verpackungseinheit von 12 Flaschen.[\/vc_column_text][\/vc_column][\/vc_row][vc_row][vc_column width=&#8220;1\/2&#8243;][vc_column_text]<\/p>\n<h3><strong>3. Produkt &#8211; LimDusch Duschwandreiniger<br \/>\n<\/strong><\/h3>\n<table style=\"height: 11px;\" border=\"0\" width=\"282\" frame=\"VOID\" rules=\"NONE\" cellspacing=\"0\">\n<colgroup>\n<col width=\"86\" \/><\/colgroup>\n<tbody>\n<tr>\n<td align=\"LEFT\" width=\"86\" height=\"17\"><span style=\"font-size: xx-small;\">@ WTI Archivbild \/ Michael Bodmann Management &amp; More GmbH<\/span><\/td>\n<\/tr>\n<\/tbody>\n<\/table>\n<p><a href=\"https:\/\/wti-gmbh.de\/geschaeftskunden\/wp-content\/uploads\/sites\/3\/2020\/11\/LimDusch-2020.jpg\"><img loading=\"lazy\" class=\" wp-image-3198 alignleft\" src=\"https:\/\/wti-gmbh.de\/geschaeftskunden\/wp-content\/uploads\/sites\/3\/2020\/11\/LimDusch-2020-300x300.jpg\" alt=\"\" width=\"300\" height=\"300\" srcset=\"https:\/\/wti-gmbh.de\/geschaeftskunden\/wp-content\/uploads\/sites\/3\/2020\/11\/LimDusch-2020-300x300.jpg 300w, https:\/\/wti-gmbh.de\/geschaeftskunden\/wp-content\/uploads\/sites\/3\/2020\/11\/LimDusch-2020-150x150.jpg 150w, https:\/\/wti-gmbh.de\/geschaeftskunden\/wp-content\/uploads\/sites\/3\/2020\/11\/LimDusch-2020-768x768.jpg 768w, https:\/\/wti-gmbh.de\/geschaeftskunden\/wp-content\/uploads\/sites\/3\/2020\/11\/LimDusch-2020-1024x1024.jpg 1024w, https:\/\/wti-gmbh.de\/geschaeftskunden\/wp-content\/uploads\/sites\/3\/2020\/11\/LimDusch-2020-1140x1140.jpg 1140w, https:\/\/wti-gmbh.de\/geschaeftskunden\/wp-content\/uploads\/sites\/3\/2020\/11\/LimDusch-2020-1000x1000.jpg 1000w, https:\/\/wti-gmbh.de\/geschaeftskunden\/wp-content\/uploads\/sites\/3\/2020\/11\/LimDusch-2020-645x645.jpg 645w, https:\/\/wti-gmbh.de\/geschaeftskunden\/wp-content\/uploads\/sites\/3\/2020\/11\/LimDusch-2020-560x560.jpg 560w, https:\/\/wti-gmbh.de\/geschaeftskunden\/wp-content\/uploads\/sites\/3\/2020\/11\/LimDusch-2020-750x750.jpg 750w, https:\/\/wti-gmbh.de\/geschaeftskunden\/wp-content\/uploads\/sites\/3\/2020\/11\/LimDusch-2020-400x400.jpg 400w, https:\/\/wti-gmbh.de\/geschaeftskunden\/wp-content\/uploads\/sites\/3\/2020\/11\/LimDusch-2020-228x228.jpg 228w, https:\/\/wti-gmbh.de\/geschaeftskunden\/wp-content\/uploads\/sites\/3\/2020\/11\/LimDusch-2020-800x800.jpg 800w, https:\/\/wti-gmbh.de\/geschaeftskunden\/wp-content\/uploads\/sites\/3\/2020\/11\/LimDusch-2020-100x100.jpg 100w\" sizes=\"(max-width: 300px) 100vw, 300px\" \/><\/a><\/p>\n<h4><\/h4>\n<div class=\"description\">\n<h4><strong>Hochwirksamer Duschwand- und Sanit\u00e4r-Reiniger<\/strong><\/h4>\n<p>LimDusch, der bei Ihnen seit Jahren sehr beliebte <strong>Duschwand-Reiniger<\/strong>, beseitigt schnell und sicher unsch\u00f6ne <strong>Kalk- und Wasserflecken<\/strong> von <strong>Duschw\u00e4nden, Armaturen, Fliesen<\/strong> usw. Das<strong> Profi-Mittel<\/strong> LimDusch bringt Ihr gesamtes Bad wieder auf Touren und l\u00e4sst es beinahe im Handumdrehen in neuem, spiegelnden Glanz erstrahlen.<\/p>\n<h4><strong>Was ist das Besondere an LimDusch?<\/strong><\/h4>\n<p>LimDusch ist absolut<strong> problem- und m\u00fchelos<\/strong> in der Anwendung: Einfach aufspr\u00fchen, kurz wirken lassen, absp\u00fclen und wie gewohnt nachwischen. LimDusch ist erh\u00e4ltlich als gebrauchsfertiges Konzentrat in der <strong>sparsamen<\/strong> 1000 ml-Flasche mit verbesserter Wirk-Formel.<\/p>\n<h4><strong>Sie erhalten:<\/strong><\/h4>\n<p>5 Flaschen LimDusch Duschwandreiniger anstelle der vollen Verpackungseinheit von 12 Flaschen.<\/p>\n<\/div>\n<p>[\/vc_column_text][\/vc_column][vc_column width=&#8220;1\/2&#8243;][vc_column_text]<\/p>\n<h3><strong>4. Produkt &#8211; LimTex Microfasert\u00fccher<br \/>\n<\/strong><\/h3>\n<table style=\"height: 11px;\" border=\"0\" width=\"281\" frame=\"VOID\" rules=\"NONE\" cellspacing=\"0\">\n<colgroup>\n<col width=\"86\" \/><\/colgroup>\n<tbody>\n<tr>\n<td align=\"LEFT\" width=\"86\" height=\"17\"><span style=\"font-size: xx-small;\">@ WTI Archivbild \/ Michael Bodmann Management &amp; More GmbH<\/span><\/td>\n<\/tr>\n<\/tbody>\n<\/table>\n<p><a href=\"https:\/\/wti-gmbh.de\/geschaeftskunden\/wp-content\/uploads\/sites\/3\/2020\/11\/LimTex-2020.jpg\"><img loading=\"lazy\" class=\"size-medium wp-image-3202 alignleft\" src=\"https:\/\/wti-gmbh.de\/geschaeftskunden\/wp-content\/uploads\/sites\/3\/2020\/11\/LimTex-2020-300x300.jpg\" alt=\"\" width=\"300\" height=\"300\" srcset=\"https:\/\/wti-gmbh.de\/geschaeftskunden\/wp-content\/uploads\/sites\/3\/2020\/11\/LimTex-2020-300x300.jpg 300w, https:\/\/wti-gmbh.de\/geschaeftskunden\/wp-content\/uploads\/sites\/3\/2020\/11\/LimTex-2020-150x150.jpg 150w, https:\/\/wti-gmbh.de\/geschaeftskunden\/wp-content\/uploads\/sites\/3\/2020\/11\/LimTex-2020-768x768.jpg 768w, https:\/\/wti-gmbh.de\/geschaeftskunden\/wp-content\/uploads\/sites\/3\/2020\/11\/LimTex-2020-1024x1024.jpg 1024w, https:\/\/wti-gmbh.de\/geschaeftskunden\/wp-content\/uploads\/sites\/3\/2020\/11\/LimTex-2020-1140x1140.jpg 1140w, https:\/\/wti-gmbh.de\/geschaeftskunden\/wp-content\/uploads\/sites\/3\/2020\/11\/LimTex-2020-1000x1000.jpg 1000w, https:\/\/wti-gmbh.de\/geschaeftskunden\/wp-content\/uploads\/sites\/3\/2020\/11\/LimTex-2020-645x645.jpg 645w, https:\/\/wti-gmbh.de\/geschaeftskunden\/wp-content\/uploads\/sites\/3\/2020\/11\/LimTex-2020-560x560.jpg 560w, https:\/\/wti-gmbh.de\/geschaeftskunden\/wp-content\/uploads\/sites\/3\/2020\/11\/LimTex-2020-750x750.jpg 750w, https:\/\/wti-gmbh.de\/geschaeftskunden\/wp-content\/uploads\/sites\/3\/2020\/11\/LimTex-2020-400x400.jpg 400w, https:\/\/wti-gmbh.de\/geschaeftskunden\/wp-content\/uploads\/sites\/3\/2020\/11\/LimTex-2020-228x228.jpg 228w, https:\/\/wti-gmbh.de\/geschaeftskunden\/wp-content\/uploads\/sites\/3\/2020\/11\/LimTex-2020-800x800.jpg 800w, https:\/\/wti-gmbh.de\/geschaeftskunden\/wp-content\/uploads\/sites\/3\/2020\/11\/LimTex-2020-100x100.jpg 100w\" sizes=\"(max-width: 300px) 100vw, 300px\" \/><\/a><\/p>\n<h4><\/h4>\n<h4><strong>Die ideale Unterst\u00fctzung f\u00fcr alle WTI-Produkte<\/strong><\/h4>\n<p>LimTex, das etwas andere Mikrofasertuch, ist doppelt gewebt f\u00fcr doppelte Saug- und Reinigungskraft. Extragro\u00df (ca. 40 x 40 cm) und somit die ideale Unterst\u00fctzung bei der t\u00e4glichen Anwendung unserer Produkte.[\/vc_column_text][vc_column_text]<\/p>\n<h4><strong>Sie erhalten:<\/strong><\/h4>\n<p>5 St\u00fcck LimTex Microfasert\u00fccher <strong>GRATIS<\/strong> und sparen 21,25 \u20ac.[\/vc_column_text][\/vc_column][\/vc_row]<\/p>\n","protected":false},"excerpt":{"rendered":"<p>[vc_row][vc_column][vc_column_text] Einsteigerpaket 5 x 5 &#8211; Sparen Sie \u00fcber 15 % [\/vc_column_text][\/vc_column][\/vc_row][vc_row][vc_column width=&#8220;1\/3&#8243;][vc_column_text] Erhalten Sie die folgenden 5 Produkte jeweils in 5-facher Menge statt der vollen Verpackungseinheit von 10 oder 12. Zus\u00e4tzlich erhalten Sie noch einen Rabatt von 5 %. Die Reinigungsmittel sind nicht im Fachhandel erh\u00e4ltlich und Sie beziehen diese\u00a0direkt vom Hersteller. [\/vc_column_text][\/vc_column][vc_column width=&#8220;1\/3&#8243;][vc_column_text] [&hellip;]<\/p>\n","protected":false},"author":1,"featured_media":0,"parent":2418,"menu_order":1,"comment_status":"closed","ping_status":"closed","template":"","meta":[],"_links":{"self":[{"href":"https:\/\/wti-gmbh.de\/geschaeftskunden\/wp-json\/wp\/v2\/pages\/2544"}],"collection":[{"href":"https:\/\/wti-gmbh.de\/geschaeftskunden\/wp-json\/wp\/v2\/pages"}],"about":[{"href":"https:\/\/wti-gmbh.de\/geschaeftskunden\/wp-json\/wp\/v2\/types\/page"}],"author":[{"embeddable":true,"href":"https:\/\/wti-gmbh.de\/geschaeftskunden\/wp-json\/wp\/v2\/users\/1"}],"replies":[{"embeddable":true,"href":"https:\/\/wti-gmbh.de\/geschaeftskunden\/wp-json\/wp\/v2\/comments?post=2544"}],"version-history":[{"count":83,"href":"https:\/\/wti-gmbh.de\/geschaeftskunden\/wp-json\/wp\/v2\/pages\/2544\/revisions"}],"predecessor-version":[{"id":3589,"href":"https:\/\/wti-gmbh.de\/geschaeftskunden\/wp-json\/wp\/v2\/pages\/2544\/revisions\/3589"}],"up":[{"embeddable":true,"href":"https:\/\/wti-gmbh.de\/geschaeftskunden\/wp-json\/wp\/v2\/pages\/2418"}],"wp:attachment":[{"href":"https:\/\/wti-gmbh.de\/geschaeftskunden\/wp-json\/wp\/v2\/media?parent=2544"}],"curies":[{"name":"wp","href":"https:\/\/api.w.org\/{rel}","templated":true}]}}